e d(-1). Is 51/(-4 + 7) - y composite?
True
Suppose 0 = 3*x + 71 - 326. Suppose -x + 19 = -3*h. Let y = h + 0. Is y composite?
True
Let a(z) = 3*z**3 + 4*z**2 - 21*z + 7. Let w(h) = -h**2 + 7*h + 6. Let k be w(7). Is a(k) a composite number?
False
Let g = 14 - 2. Let c be 4767/18 - (-2)/g. Suppose -5*v + 0*v = -c. Is v a prime number?
True
Suppose 0 = 3*w + 58 - 52. Is (-1203)/36*w + (-1)/(-6) a prime number?
True
Let m = 33 - 30. Suppose 5*l + v - 31 = 59, -m*v - 91 = -4*l. Is l a composite number?
False
Is (-24)/(-36) + (-3)/18*-72218 prime?
True
Let g be ((-9)/(-18))/(2/12). Suppose 12 = i + 2*d + 2, g*i + 5*d = 25. Is i + 7/(7/38) prime?
False
Is 3/(-9)*(12 - 14265) a prime number?
True
Let h(v) = -v**2 + 6*v + 10. Let j be h(6). Suppose j*m - 2640 = 770. Is m a composite number?
True
Let f(v) = -310*v - 177. Is f(-7) a prime number?
True
Let s = -428269 + 627716. Is s prime?
True
Let w be (2/(-3))/(4/6). Let a be (5 + -2 - 3)/w. Is a - 3/(6/(-148)) prime?
False
Suppose -4*g = -64*o + 61*o - 24592, 3*g - 4*o = 18451. Is g prime?
False
Let o = 76 + -73. Suppose -4*d - 3*r = -4547 + 1651, -d + 733 = o*r. Is d a prime number?
False
Let h be ((-438)/(-4))/((-1)/(-2)). Suppose -2*x = -857 + h. Is x a prime number?
False
Let a = 1208 + 845. Is a composite?
False
Suppose -5*p - 69 - 356 = -5*v, -334 = -4*v + 2*p. Is v a prime number?
False
Suppose 12*o + 33688 = 16*o. Is o a composite number?
True
Let b = -22 - -27. Suppose 2*v - 5*v = -2*l + 266, b*l + 3*v - 623 = 0. Is l prime?
True
Suppose -141*q + 123*q + 2070 = 0. Is q a composite number?
True
Suppose 26*b - 468282 = -65516. Is b prime?
False
Let j = 226 + 4992. Is j prime?
False
Suppose -5*q = -2*q - 6. Suppose q*i = 5*i + 336. Is 4/12 + i/(-6) composite?
False
Is 6/(-1) - (-7)/(84/252780) a composite number?
False
Let x(h) = -4 - 6*h**2 + h + 0*h**2 - 7*h - h**3. Let d be x(-4). Let m = 26 + d. Is m a prime number?
False
Suppose -2*z + 9960 + 4180 = 0. Suppose -14*t + z = -4*t. Is t prime?
False
Suppose 0 = 2*c - 0*c - 3*q - 18, 0 = q. Let m = 12 - c. Suppose -m*f + 94 = -4*s + 287, 0 = -3*s - 3*f + 150. Is s prime?
False
Suppose -4633 - 63233 = -6*i. Is i prime?
True
Suppose 3*d - d - 8 = 0. Is -22*(-298)/d - 0 prime?
False
Let f = 403 + 720. Suppose -f = -2*i - 9. Is i a prime number?
True
Let c = -234 + 110. Is (c/6)/((-36)/702) prime?
False
Let p(r) = -r**2 + 3*r + 2. Suppose -a + 5*b = 19, -2*b + 2 = 2*a - 4*b. Let n be p(a). Is (-4)/n - 103/(-4) composite?
True
Suppose g - 18 = -4*x, 4*x - 6 = -g + 3*x. Suppose -4*c - 2*p - 4 + g = 0, 0 = 4*c - 3*p - 23. Let z(w) = 108*w - 5. Is z(c) composite?
False
Suppose 5*f - 12 + 0 = 2*p, -f + 4 = 0. Is ((-21)/9 - -3)*1230/p prime?
False
Suppose 15 = 7*d - 2*d. Let k(p) = 16*p**2 - 4*p + 7. Is k(d) composite?
False
Let j(b) be the second derivative of 7*b**4/12 - b**2/2 - 12*b. Is j(1) prime?
False
Let m(w) = w**3 + 3*w**2 - 5*w - 6. Is m(13) prime?
True
Let d = -11179 + 24822. Is d a composite number?
True
Let l = 882 - 503. Is l a composite number?
False
Let m(o) be the second derivative of -395*o**3/6 + o**2 - 5*o. Let h = -46 - -45. Is m(h) a composite number?
False
Let l(x) = 13*x**2 + 2*x + 4. Let c(u) = 12*u**2 + 2*u + 3. Let f(q) = 3*c(q) - 2*l(q). Is f(6) composite?
False
Let m(l) = l**2 + 2*l - 1. Let x be m(-4). Let i = -3 + x. Suppose 0 = 3*k - i*k + 7. Is k a composite number?
False
Suppose -5*w + 3495 = 5*m, 5*m - 20*w = -24*w + 3491. Is m prime?
False
Let a = 58 - 98. Let f = 68 - a. Let c = f - -37. Is c a prime number?
False
Let r(s) = s + 3. Let u be r(-1). Suppose -2632 = -u*i + n, i + 5*n = -0*n + 1305. Is i a composite number?
True
Is -2*(0 - 2901/6) prime?
True
Let t = 4086 + 5705. Is t prime?
True
Let g be 6/(-9) - (-1724)/12. Suppose -m = -3*l - 34, -3*l = 2*m + 30 - g. Is m a prime number?
False
Let g = 52 - -98. Suppose -4*v + 309 = j - 276, -v - j + g = 0. Is (-2 + 3)*(v - 0) prime?
False
Suppose 28*i + i - 270019 = 0. Is i prime?
True
Suppose 3*d = 4*g + 65413, 150*d = 154*d + 4*g - 87180. Is d a composite number?
False
Is 1*(2715 + (8 - 16)) prime?
True
Let d = 51289 - 27095. Is d composite?
True
Let w be ((-142)/4)/(24/(-48)). Suppose 3*f = 245 - w. Is f a prime number?
False
Let a = 12742 + -22067. Is a/(-15) + 8 - 8/(-6) a composite number?
False
Let f be 10/(-4)*(5 + -9). Let r = 14 - f. Suppose -235 = -3*h - 3*j + 194, 5*j - 570 = -r*h. Is h prime?
False
Suppose -99 = -2*b + 3*y, -4*b + 4*y - 77 = -273. Suppose -3*h = s - 50, 3*s - 2*s + h = b. Let u = s - -10. Is u a prime number?
False
Suppose 14933 = 3*t - j, 18*t - 3*j + 4991 = 19*t. Is t a prime number?
False
Suppose 0 = 5*b + b + 6066. Let h = -540 - b. Suppose h = -j + 4*j. Is j composite?
False
Is (-10 - -9)/(3/(-7281)) a prime number?
False
Is (-2566)/8*(-196 + 128) prime?
False
Let q(f) = -84*f**3 + 2*f**2 - 2*f - 31. Is q(-5) composite?
False
Suppose 6*p + 4*p + 170 = 0. Is 26197/p*(0 - 1) prime?
False
Let h(y) = 33*y - 1034. Is h(45) composite?
True
Let v = 94 + 3402. Is (-11)/(-33) + v/6 composite?
True
Suppose 3*s - 2*q - 3*q = -18, 0 = 2*s + 3*q + 12. Let z(v) = -97*v - 7*v**2 + 184*v - 95*v - v**3 - 3. Is z(s) a composite number?
True
Suppose 5*a + 28 = 3*c, -c + 3*a + 8 = -0*a. Suppose -c*f + 14*f = 1473. Is f a prime number?
True
Let p be 3 - -2 - 0*(-2)/4. Suppose -p*b = 3*b - 2776. Is b a prime number?
True
Let a be 4/(-18) + ((-125)/45 - -7). Let s be (0 - (-1 + 1))/2. Suppose s*o + 532 = a*o. Is o composite?
True
Let z be 7/28 - (-15)/4. Suppose 269 - 2345 = -z*h. Is h composite?
True
Let q(i) = i + 53. Let s be q(0). Let p be (-231)/(-6) + 1/(-2). Let u = s + p. Is u composite?
True
Let v be 6*(4 + (-33)/6). Is ((-249)/v)/(1/21) a composite number?
True
Suppose 875*q - 21915 = 866*q. Is q composite?
True
Suppose -4229 - 1354 = -m. Is m composite?
True
Suppose o - 27 = 4*o. Let v = o - -13. Let h(p) = 20*p - 13. Is h(v) a prime number?
True
Suppose -3*y + 4*h - 42 - 8 = 0, -3*y - 58 = 4*h. Is 396 - -1 - (-18 - y) composite?
False
Let w(v) = -4*v**3 - 2*v**2 - v. Let p be w(-1). Let s be p + -1 + (3 - 1). Is ((-818)/(-8))/(1/s) composite?
False
Suppose 67*v - 422960 = 154647. Is v a prime number?
False
Is (5907 - -46)/(3 - -1 - 3) a composite number?
False
Suppose -7*d + 140734 = 29763. Is d a prime number?
False
Let f = 4583 + 18554. Is f a composite number?
True
Suppose 9*q - 12*q + 4*s = -331825, 0 = -q - 4*s + 110635. Is q a prime number?
False
Let z be 27/63 - 50/(-14). Let w(h) = h**3 - h**2 + 8*h + 3. Is w(z) prime?
True
Is (-2 - -659 - 6) + (-4 - 0) prime?
True
Is (-2)/4*4/(-2) - -3498 prime?
True
Let x be (-6 - -3)*(-52)/(-6). Let j = x - -41. Is j a prime number?
False
Let g(u) = 3*u + 4 + 6*u**2 - 1 - 5*u**2 + u. Let r be g(-2). Is (-2)/(4/134)*r prime?
True
Suppose -f + b = -922, 3*b = -3*f + 2*b + 2774. Suppose -5*g + 9 - 24 = 0, g + f = l. Is l a composite number?
True
Suppose 4*w + 32 = -b - b, w = -4*b - 64. Let l = b + 18. Suppose -2*h - l*h = -388. Is h a prime number?
True
Is 76648/33 - 5/3 prime?
False
Let c(k) = 377*k**2 - 64*k + 118. Is c(17) prime?
False
Let p(s) = s - 2. Let w be p(7). Suppose -10 - 5 = -w*v. Is ((-12)/8)/v*-422 a prime number?
True
Suppose 2*n = -n + 9. Suppose -4*l - 5*y + 263 = 0, -y + 251 = l + n*l. Is l composite?
True
Let z be (-2)/4*1*0. Let s be (-95)/((-1)/2 - z). Suppose 5*f + 0*j = j + s, 3*f - 114 = j. Is f prime?
False
Let g(w) = w**3 + 6*w**2 - 1. Let s be g(-5). Suppose 5*f - s = 2*f. Is (204/(-10))/(f/(-20)) prime?
False
Let v(a) be the first derivative of 87*a**2/2 - 1. Let l be v(8). Suppose -5*w + 2171 - l = 0. Is w a composite number?
True
Suppose -4*i = d + 40, 0 = 4*i - 3*d - d + 20. Let r(a) be the third derivative of -a**6/120 - a**5/10 + a**4/4 - 11*a**3/6 - 3*a**2. Is r(i) prime?
False
Suppose -4 = -2*z - 0. Let h(f) = 9 + 8*f**z - 8*f - 3*f + 3*f - f**3. Is h(6) a prime number?
False
Let m = 117040 + -70517. Is m a prime number?
True
Let u be 2/6*-1282*(-9)/(-6). Let r = u - -1274. Is r prime?
False
Let b be (11 - 5)*1/2. Suppose 2*z + 55 = -3*u - b*z, 3*z = 4*u + 25. Is (1 - -22) + (-10 - u) prime?
True
Let u be -3 - (-3 + 0) - -45. Let t = u - 30. Suppose 0 = -2*m + t + 283. Is m a composite number?
False
Let v(w) = -56*w - 39. Let x(t) = 5*t - 5. Let c be x(-3). Is 